{"id":374,"date":"2025-07-19T16:56:28","date_gmt":"2025-07-19T14:56:28","guid":{"rendered":"https:\/\/www.technoms.com\/?page_id=374"},"modified":"2025-07-19T17:32:48","modified_gmt":"2025-07-19T15:32:48","slug":"md-102","status":"publish","type":"page","link":"https:\/\/www.technoms.com\/index.php\/md-102\/","title":{"rendered":"md-102"},"content":{"rendered":"\t\t<div data-elementor-type=\"wp-page\" data-elementor-id=\"374\" class=\"elementor elementor-374\">\n\t\t\t\t<div class=\"elementor-element elementor-element-48ee2ee e-flex e-con-boxed e-con e-parent\" data-id=\"48ee2ee\" data-element_type=\"container\">\n\t\t\t\t\t<div class=\"e-con-inner\">\n\t\t\t\t<div class=\"elementor-element elementor-element-e22e7bf elementor-widget elementor-widget-heading\" data-id=\"e22e7bf\" data-element_type=\"widget\" data-widget_type=\"heading.default\">\n\t\t\t\t\t<h2 class=\"elementor-heading-title elementor-size-default\">MD-102 - Administrateur de points de terminaison Microsoft 365<\/h2>\t\t\t\t<\/div>\n\t\t\t\t\t<\/div>\n\t\t\t\t<\/div>\n\t\t<div class=\"elementor-element elementor-element-f248e86 e-flex e-con-boxed e-con e-parent\" data-id=\"f248e86\" data-element_type=\"container\">\n\t\t\t\t\t<div class=\"e-con-inner\">\n\t\t\t\t<div class=\"elementor-element elementor-element-4cc66fb elementor-widget elementor-widget-text-editor\" data-id=\"4cc66fb\" data-element_type=\"widget\" data-widget_type=\"text-editor.default\">\n\t\t\t\t\t\t\t\t\t<h1>Dur\u00e9e :\u00a0<\/h1><p>5 jours<\/p><h1>R\u00e9sum\u00e9 :<\/h1><p>Dans ce cours, vous allez apprendre \u00e0 planifier et ex\u00e9cuter une strat\u00e9gie de d\u00e9ploiement de points de terminaison en utilisant des techniques de d\u00e9ploiement contemporaines et en impl\u00e9mentant des strat\u00e9gies de mise \u00e0 jour. Le cours pr\u00e9sente les \u00e9l\u00e9ments essentiels de la gestion moderne et de l&rsquo;int\u00e9gration de Microsoft Intune. Il couvre le d\u00e9ploiement d\u2019applications, la gestion des applications bas\u00e9es sur un navigateur et des concepts de s\u00e9curit\u00e9 cl\u00e9s, comme l\u2019authentification, les identit\u00e9s, l\u2019acc\u00e8s et les strat\u00e9gies de conformit\u00e9. Des technologies telles que Microsoft Entra, Windows Autopilot, Microsoft Intune Suite et Microsoft Defender for Endpoint sont explor\u00e9es pour prot\u00e9ger les appareils et les donn\u00e9es.<\/p><p>Ce cours permet \u00e9galement de pr\u00e9parer la certification <strong>Microsoft 365 Certified : Endpoint Administrator Associate<\/strong><\/p><h1>Public vis\u00e9 :<\/h1><p>L\u2019administrateur de points de terminaison Microsoft 365 est responsable du d\u00e9ploiement, de la configuration, de la s\u00e9curisation, de la gestion et de la supervision des appareils et des applications clientes dans un environnement d\u2019entreprise. Ses responsabilit\u00e9s incluent la gestion des identit\u00e9s, de l\u2019acc\u00e8s, des strat\u00e9gies, des mises \u00e0 jour et des applications. Ils collaborent avec l\u2019administrateur d\u2019entreprise M365 pour d\u00e9velopper et ex\u00e9cuter une strat\u00e9gie d\u2019appareils qui s\u2019aligne sur les exigences d\u2019une organisation moderne. Les administrateurs de points de terminaison Microsoft 365 doivent bien conna\u00eetre les charges de travail M365, et avoir des comp\u00e9tences et une exp\u00e9rience approfondies dans le d\u00e9ploiement, la configuration et la maintenance d\u2019appareils Windows 11 et ult\u00e9rieur, et non-Windows. Leur r\u00f4le privil\u00e9gie les services cloud aux technologies de gestion sur site.<br \/><br \/><\/p><h1>Contenu :<\/h1><p>Ce cours couvre les \u00e9l\u00e9ments cl\u00e9s suivants de l\u2019administration des points de terminaison Microsoft 365 :<\/p><ul><li>Planifier et mettre en \u0153uvre un d\u00e9ploiement de clients Windows en utilisant Windows Autopilot et \u00e0 l&rsquo;aide de Microsoft Deployment Toolkit (MDT)<\/li><li>Configurer la gestion des identit\u00e9s<\/li><li>Mettre en \u0153uvre des politiques de conformit\u00e9 pour toutes les plateformes d&rsquo;appareils prises en charge \u00e0 l&rsquo;aide d&rsquo;Intune<\/li><li>G\u00e9rer le cycle de vie des appareils dans Intune<\/li><li>G\u00e9rer la configuration des appareils pour toutes les plateformes d&rsquo;appareils prises en charge \u00e0 l&rsquo;aide d&rsquo;Intune<\/li><li>Planifier et mettre en \u0153uvre Microsoft Tunnel for Intune<\/li><li>G\u00e9rer les mises \u00e0 jour des appareils pour toutes les plateformes d&rsquo;appareils prises en charge \u00e0 l&rsquo;aide d&rsquo;Intune<\/li><li>Mettre en \u0153uvre la protection des points d&rsquo;extr\u00e9mit\u00e9 pour toutes les plates-formes d&rsquo;appareils prises en charge<\/li><li>D\u00e9ployer et mettre \u00e0 jour les applications pour toutes les plateformes d&rsquo;appareils prises en charge<\/li><li>Planifier et mettre en \u0153uvre des politiques de protection et de configuration des applications<\/li><\/ul><p>\u00a0<\/p><h1>Pr\u00e9-requis :<\/h1><p>L\u2019administrateur de points de terminaison Microsoft 365 doit \u00eatre familiaris\u00e9 avec les charges de travail M365, et doit avoir de solides comp\u00e9tences et de l\u2019exp\u00e9rience dans le d\u00e9ploiement, la configuration et la maintenance d\u2019appareils Windows et non-Windows (Android, iOS et MacOS)<\/p>\t\t\t\t\t\t\t\t<\/div>\n\t\t\t\t\t<\/div>\n\t\t\t\t<\/div>\n\t\t\t\t<\/div>\n\t\t","protected":false},"excerpt":{"rendered":"<p>MD-102 &#8211; Administrateur de points de terminaison Microsoft 365 Dur\u00e9e :\u00a0 5 jours R\u00e9sum\u00e9 : Dans ce cours, vous allez apprendre \u00e0 planifier et ex\u00e9cuter une strat\u00e9gie de d\u00e9ploiement de points de terminaison en utilisant des techniques de d\u00e9ploiement contemporaines et en impl\u00e9mentant des strat\u00e9gies de mise \u00e0 jour. Le cours pr\u00e9sente les \u00e9l\u00e9ments essentiels [&hellip;]<\/p>\n","protected":false},"author":1,"featured_media":0,"parent":0,"menu_order":0,"comment_status":"closed","ping_status":"closed","template":"","meta":{"footnotes":""},"class_list":["post-374","page","type-page","status-publish","hentry","entry"],"yoast_head":"<!-- This site is optimized with the Yoast SEO plugin v26.3 - https:\/\/yoast.com\/wordpress\/plugins\/seo\/ -->\n<title>md-102 - Accompagnement sur les Technologies Microsoft<\/title>\n<meta name=\"robots\" content=\"index, follow, max-snippet:-1, max-image-preview:large, max-video-preview:-1\" \/>\n<link rel=\"canonical\" href=\"https:\/\/www.technoms.com\/index.php\/md-102\/\" \/>\n<meta property=\"og:locale\" content=\"fr_FR\" \/>\n<meta property=\"og:type\" content=\"article\" \/>\n<meta property=\"og:title\" content=\"md-102 - Accompagnement sur les Technologies Microsoft\" \/>\n<meta property=\"og:description\" content=\"MD-102 &#8211; Administrateur de points de terminaison Microsoft 365 Dur\u00e9e :\u00a0 5 jours R\u00e9sum\u00e9 : Dans ce cours, vous allez apprendre \u00e0 planifier et ex\u00e9cuter une strat\u00e9gie de d\u00e9ploiement de points de terminaison en utilisant des techniques de d\u00e9ploiement contemporaines et en impl\u00e9mentant des strat\u00e9gies de mise \u00e0 jour. Le cours pr\u00e9sente les \u00e9l\u00e9ments essentiels [&hellip;]\" \/>\n<meta property=\"og:url\" content=\"https:\/\/www.technoms.com\/index.php\/md-102\/\" \/>\n<meta property=\"og:site_name\" content=\"Accompagnement sur les Technologies Microsoft\" \/>\n<meta property=\"article:modified_time\" content=\"2025-07-19T15:32:48+00:00\" \/>\n<meta property=\"og:image\" content=\"https:\/\/www.technoms.com\/wp-content\/uploads\/2025\/06\/FormationEtAccompagnement2.jpg\" \/>\n\t<meta property=\"og:image:width\" content=\"1351\" \/>\n\t<meta property=\"og:image:height\" content=\"1024\" \/>\n\t<meta property=\"og:image:type\" content=\"image\/jpeg\" \/>\n<meta name=\"twitter:card\" content=\"summary_large_image\" \/>\n<meta name=\"twitter:label1\" content=\"Dur\u00e9e de lecture estim\u00e9e\" \/>\n\t<meta name=\"twitter:data1\" content=\"3 minutes\" \/>\n<script type=\"application\/ld+json\" class=\"yoast-schema-graph\">{\"@context\":\"https:\/\/schema.org\",\"@graph\":[{\"@type\":\"WebPage\",\"@id\":\"https:\/\/www.technoms.com\/index.php\/md-102\/\",\"url\":\"https:\/\/www.technoms.com\/index.php\/md-102\/\",\"name\":\"md-102 - Accompagnement sur les Technologies Microsoft\",\"isPartOf\":{\"@id\":\"https:\/\/www.technoms.com\/#website\"},\"datePublished\":\"2025-07-19T14:56:28+00:00\",\"dateModified\":\"2025-07-19T15:32:48+00:00\",\"breadcrumb\":{\"@id\":\"https:\/\/www.technoms.com\/index.php\/md-102\/#breadcrumb\"},\"inLanguage\":\"fr-FR\",\"potentialAction\":[{\"@type\":\"ReadAction\",\"target\":[\"https:\/\/www.technoms.com\/index.php\/md-102\/\"]}]},{\"@type\":\"BreadcrumbList\",\"@id\":\"https:\/\/www.technoms.com\/index.php\/md-102\/#breadcrumb\",\"itemListElement\":[{\"@type\":\"ListItem\",\"position\":1,\"name\":\"Accueil\",\"item\":\"https:\/\/www.technoms.com\/\"},{\"@type\":\"ListItem\",\"position\":2,\"name\":\"md-102\"}]},{\"@type\":\"WebSite\",\"@id\":\"https:\/\/www.technoms.com\/#website\",\"url\":\"https:\/\/www.technoms.com\/\",\"name\":\"Accompagnement sur les Technologies Microsoft\",\"description\":\"30 ans d\u2019exp\u00e9rience \u00e0 votre service\",\"publisher\":{\"@id\":\"https:\/\/www.technoms.com\/#organization\"},\"alternateName\":\"Technoms.com\",\"potentialAction\":[{\"@type\":\"SearchAction\",\"target\":{\"@type\":\"EntryPoint\",\"urlTemplate\":\"https:\/\/www.technoms.com\/?s={search_term_string}\"},\"query-input\":{\"@type\":\"PropertyValueSpecification\",\"valueRequired\":true,\"valueName\":\"search_term_string\"}}],\"inLanguage\":\"fr-FR\"},{\"@type\":\"Organization\",\"@id\":\"https:\/\/www.technoms.com\/#organization\",\"name\":\"Technoms.com\",\"url\":\"https:\/\/www.technoms.com\/\",\"logo\":{\"@type\":\"ImageObject\",\"inLanguage\":\"fr-FR\",\"@id\":\"https:\/\/www.technoms.com\/#\/schema\/logo\/image\/\",\"url\":\"https:\/\/www.technoms.com\/wp-content\/uploads\/2025\/06\/LogoCarre.png\",\"contentUrl\":\"https:\/\/www.technoms.com\/wp-content\/uploads\/2025\/06\/LogoCarre.png\",\"width\":122,\"height\":98,\"caption\":\"Technoms.com\"},\"image\":{\"@id\":\"https:\/\/www.technoms.com\/#\/schema\/logo\/image\/\"},\"sameAs\":[\"https:\/\/www.linkedin.com\/in\/florentdupont38\/\"]}]}<\/script>\n<!-- \/ Yoast SEO plugin. -->","yoast_head_json":{"title":"md-102 - Accompagnement sur les Technologies Microsoft","robots":{"index":"index","follow":"follow","max-snippet":"max-snippet:-1","max-image-preview":"max-image-preview:large","max-video-preview":"max-video-preview:-1"},"canonical":"https:\/\/www.technoms.com\/index.php\/md-102\/","og_locale":"fr_FR","og_type":"article","og_title":"md-102 - Accompagnement sur les Technologies Microsoft","og_description":"MD-102 &#8211; Administrateur de points de terminaison Microsoft 365 Dur\u00e9e :\u00a0 5 jours R\u00e9sum\u00e9 : Dans ce cours, vous allez apprendre \u00e0 planifier et ex\u00e9cuter une strat\u00e9gie de d\u00e9ploiement de points de terminaison en utilisant des techniques de d\u00e9ploiement contemporaines et en impl\u00e9mentant des strat\u00e9gies de mise \u00e0 jour. Le cours pr\u00e9sente les \u00e9l\u00e9ments essentiels [&hellip;]","og_url":"https:\/\/www.technoms.com\/index.php\/md-102\/","og_site_name":"Accompagnement sur les Technologies Microsoft","article_modified_time":"2025-07-19T15:32:48+00:00","og_image":[{"width":1351,"height":1024,"url":"https:\/\/www.technoms.com\/wp-content\/uploads\/2025\/06\/FormationEtAccompagnement2.jpg","type":"image\/jpeg"}],"twitter_card":"summary_large_image","twitter_misc":{"Dur\u00e9e de lecture estim\u00e9e":"3 minutes"},"schema":{"@context":"https:\/\/schema.org","@graph":[{"@type":"WebPage","@id":"https:\/\/www.technoms.com\/index.php\/md-102\/","url":"https:\/\/www.technoms.com\/index.php\/md-102\/","name":"md-102 - Accompagnement sur les Technologies Microsoft","isPartOf":{"@id":"https:\/\/www.technoms.com\/#website"},"datePublished":"2025-07-19T14:56:28+00:00","dateModified":"2025-07-19T15:32:48+00:00","breadcrumb":{"@id":"https:\/\/www.technoms.com\/index.php\/md-102\/#breadcrumb"},"inLanguage":"fr-FR","potentialAction":[{"@type":"ReadAction","target":["https:\/\/www.technoms.com\/index.php\/md-102\/"]}]},{"@type":"BreadcrumbList","@id":"https:\/\/www.technoms.com\/index.php\/md-102\/#breadcrumb","itemListElement":[{"@type":"ListItem","position":1,"name":"Accueil","item":"https:\/\/www.technoms.com\/"},{"@type":"ListItem","position":2,"name":"md-102"}]},{"@type":"WebSite","@id":"https:\/\/www.technoms.com\/#website","url":"https:\/\/www.technoms.com\/","name":"Accompagnement sur les Technologies Microsoft","description":"30 ans d\u2019exp\u00e9rience \u00e0 votre service","publisher":{"@id":"https:\/\/www.technoms.com\/#organization"},"alternateName":"Technoms.com","potentialAction":[{"@type":"SearchAction","target":{"@type":"EntryPoint","urlTemplate":"https:\/\/www.technoms.com\/?s={search_term_string}"},"query-input":{"@type":"PropertyValueSpecification","valueRequired":true,"valueName":"search_term_string"}}],"inLanguage":"fr-FR"},{"@type":"Organization","@id":"https:\/\/www.technoms.com\/#organization","name":"Technoms.com","url":"https:\/\/www.technoms.com\/","logo":{"@type":"ImageObject","inLanguage":"fr-FR","@id":"https:\/\/www.technoms.com\/#\/schema\/logo\/image\/","url":"https:\/\/www.technoms.com\/wp-content\/uploads\/2025\/06\/LogoCarre.png","contentUrl":"https:\/\/www.technoms.com\/wp-content\/uploads\/2025\/06\/LogoCarre.png","width":122,"height":98,"caption":"Technoms.com"},"image":{"@id":"https:\/\/www.technoms.com\/#\/schema\/logo\/image\/"},"sameAs":["https:\/\/www.linkedin.com\/in\/florentdupont38\/"]}]}},"_links":{"self":[{"href":"https:\/\/www.technoms.com\/index.php\/wp-json\/wp\/v2\/pages\/374","targetHints":{"allow":["GET"]}}],"collection":[{"href":"https:\/\/www.technoms.com\/index.php\/wp-json\/wp\/v2\/pages"}],"about":[{"href":"https:\/\/www.technoms.com\/index.php\/wp-json\/wp\/v2\/types\/page"}],"author":[{"embeddable":true,"href":"https:\/\/www.technoms.com\/index.php\/wp-json\/wp\/v2\/users\/1"}],"replies":[{"embeddable":true,"href":"https:\/\/www.technoms.com\/index.php\/wp-json\/wp\/v2\/comments?post=374"}],"version-history":[{"count":7,"href":"https:\/\/www.technoms.com\/index.php\/wp-json\/wp\/v2\/pages\/374\/revisions"}],"predecessor-version":[{"id":397,"href":"https:\/\/www.technoms.com\/index.php\/wp-json\/wp\/v2\/pages\/374\/revisions\/397"}],"wp:attachment":[{"href":"https:\/\/www.technoms.com\/index.php\/wp-json\/wp\/v2\/media?parent=374"}],"curies":[{"name":"wp","href":"https:\/\/api.w.org\/{rel}","templated":true}]}}