{"id":499,"date":"2025-11-06T17:32:34","date_gmt":"2025-11-06T16:32:34","guid":{"rendered":"https:\/\/www.technoms.com\/?page_id=499"},"modified":"2025-11-06T17:49:02","modified_gmt":"2025-11-06T16:49:02","slug":"az-305","status":"publish","type":"page","link":"https:\/\/www.technoms.com\/index.php\/az-305\/","title":{"rendered":"AZ-305"},"content":{"rendered":"\t\t<div data-elementor-type=\"wp-page\" data-elementor-id=\"499\" class=\"elementor elementor-499\">\n\t\t\t\t<div class=\"elementor-element elementor-element-3b7a23f3 e-flex e-con-boxed e-con e-parent\" data-id=\"3b7a23f3\" data-element_type=\"container\">\n\t\t\t\t\t<div class=\"e-con-inner\">\n\t\t\t\t<div class=\"elementor-element elementor-element-5102d3e9 elementor-widget elementor-widget-heading\" data-id=\"5102d3e9\" data-element_type=\"widget\" data-widget_type=\"heading.default\">\n\t\t\t\t\t<h2 class=\"elementor-heading-title elementor-size-default\">AZ-305 Conception de solutions d'infrastructure Microsoft Azure<\/h2>\t\t\t\t<\/div>\n\t\t\t\t\t<\/div>\n\t\t\t\t<\/div>\n\t\t<div class=\"elementor-element elementor-element-278a8c65 e-flex e-con-boxed e-con e-parent\" data-id=\"278a8c65\" data-element_type=\"container\">\n\t\t\t\t\t<div class=\"e-con-inner\">\n\t\t\t\t<div class=\"elementor-element elementor-element-271b34c7 elementor-widget elementor-widget-text-editor\" data-id=\"271b34c7\" data-element_type=\"widget\" data-widget_type=\"text-editor.default\">\n\t\t\t\t\t\t\t\t\t<h1>Dur\u00e9e :\u00a0<\/h1><p>4 jours<\/p><h1>R\u00e9sum\u00e9 :<\/h1><p>Ce cours explique aux architectes de solutions Azure comment concevoir des solutions d\u2019infrastructure. Les sujets trait\u00e9s sont la gouvernance, le calcul, l\u2019architecture d\u2019application, le stockage, l\u2019int\u00e9gration des donn\u00e9es, l\u2019authentification, les r\u00e9seaux, la continuit\u00e9 de l\u2019activit\u00e9 et les migrations. Le cours combine des le\u00e7ons avec des \u00e9tudes de cas pour illustrer les principes de conception de base d\u2019une architecture.<\/p><p>Ce cours permet \u00e9galement de pr\u00e9parer la certification <strong><a href=\"https:\/\/learn.microsoft.com\/fr-fr\/credentials\/certifications\/azure-solutions-architect\/\">AZ-305 Microsoft Certified : Azure Solutions Architect Expert<\/a><\/strong><\/p><h1>Public vis\u00e9 :<\/h1><p>Cette formation s&rsquo;adresse \u00e0 des professionnels de l\u2019informatique sp\u00e9cialis\u00e9s dans la conception et la mise en \u0153uvre de solutions fonctionnant sur Microsoft Azure<\/p><h1>Contenu :<\/h1><ul><li>Conception de solutions d\u2019architecture Microsoft Azure &#8211; Pr\u00e9requis<ul><li>D\u00e9crire les principaux composants architecturaux d\u2019Azure<\/li><li>D\u00e9crire les services de calcul et r\u00e9seau Azure<\/li><li>D\u00e9crire les services de stockage Azure<\/li><li>D\u00e9crire l\u2019identit\u00e9, l\u2019acc\u00e8s et la s\u00e9curit\u00e9 Azure<\/li><li>Pr\u00e9sentation du Microsoft Cloud Adoption Framework<\/li><li>Pr\u00e9sentation de Microsoft Azure Well-Architected Framework<\/li><\/ul><\/li><li>Concevoir des solutions d\u2019identit\u00e9, de gouvernance et de supervision<ul><li>Conception de la gouvernance<\/li><li>Concevoir des solutions d\u2019authentification et d\u2019autorisation<\/li><li>Concevoir une solution pour journaliser et surveiller les ressources Azure<\/li><\/ul><\/li><li>Concevoir des solutions de continuit\u00e9 d\u2019activit\u00e9<ul><li>D\u00e9crire les strat\u00e9gies de haute disponibilit\u00e9 et de reprise d\u2019activit\u00e9<\/li><li>Concevoir une solution pour la sauvegarde et la reprise d\u2019activit\u00e9<\/li><\/ul><\/li><li>Concevoir des solutions de stockage de donn\u00e9es<ul><li>Concevoir une solution de stockage de donn\u00e9es pour les donn\u00e9es non relationnelles<\/li><li>Concevoir une solution de stockage de donn\u00e9es pour les donn\u00e9es relationnelles<\/li><li>Concevoir l\u2019int\u00e9gration de donn\u00e9es<\/li><\/ul><\/li><li>Concevoir des solutions d\u2019infrastructure<ul><li>Concevoir une solution de calcul Azure<\/li><li>Concevoir une architecture d\u2019application<\/li><li>Concevoir des solutions r\u00e9seau<\/li><li>Concevoir des migrations<\/li><\/ul><\/li><li>Cr\u00e9er d\u2019excellentes solutions avec Microsoft Azure Well-Architected Framework<ul><li>Pr\u00e9sentation de Microsoft Azure Well-Architected Framework<\/li><li>Microsoft Azure Well-Architected Framework &#8211; Fiabilit\u00e9<\/li><li>Microsoft Azure Well-Architected Framework &#8211; S\u00e9curit\u00e9<\/li><li>Microsoft Azure Well-Architected Framework &#8211; Optimisation des co\u00fbts<\/li><li>Microsoft Azure Well-Architected Framework &#8211; Excellence op\u00e9rationnelle<\/li><li>Microsoft Azure Well-Architected Framework &#8211; Efficacit\u00e9 des performances<\/li><\/ul><\/li><\/ul><h1>Pr\u00e9-requis :<\/h1><p>Vous devez avoir une exp\u00e9rience et des connaissances avanc\u00e9es des op\u00e9rations informatiques (IT), notamment en mati\u00e8re de r\u00e9seau, de virtualisation, d\u2019identit\u00e9, de s\u00e9curit\u00e9, de continuit\u00e9 de l\u2019activit\u00e9, de reprise d\u2019activit\u00e9 apr\u00e8s sinistre, de plateforme des donn\u00e9es et de gouvernance. Vous devez \u00e9galement avoir une exp\u00e9rience de conception et d\u2019architecture des solutions. Avant de suivre ce cours, vous devez avoir une exp\u00e9rience pr\u00e9alable dans le domaine du d\u00e9ploiement ou de l\u2019administration des ressources Azure, et de solides connaissances conceptuelles de :<\/p><ul><li>Technologies de calcul Azure telles que les machines virtuelles, les conteneurs et les solutions serverless<\/li><li>R\u00e9seaux virtuels Azure pour inclure des \u00e9quilibreurs de charge<\/li><li>Technologies Stockage Azure (non structur\u00e9es et bases de donn\u00e9es)<\/li><li>Concepts g\u00e9n\u00e9raux de conception d\u2019applications, tels que la messagerie et la haute disponibilit\u00e9<\/li><\/ul>\t\t\t\t\t\t\t\t<\/div>\n\t\t\t\t\t<\/div>\n\t\t\t\t<\/div>\n\t\t\t\t<\/div>\n\t\t","protected":false},"excerpt":{"rendered":"<p>AZ-305 Conception de solutions d&rsquo;infrastructure Microsoft Azure Dur\u00e9e :\u00a0 4 jours R\u00e9sum\u00e9 : Ce cours explique aux architectes de solutions Azure comment concevoir des solutions d\u2019infrastructure. Les sujets trait\u00e9s sont la gouvernance, le calcul, l\u2019architecture d\u2019application, le stockage, l\u2019int\u00e9gration des donn\u00e9es, l\u2019authentification, les r\u00e9seaux, la continuit\u00e9 de l\u2019activit\u00e9 et les migrations. Le cours combine des [&hellip;]<\/p>\n","protected":false},"author":1,"featured_media":0,"parent":0,"menu_order":0,"comment_status":"closed","ping_status":"closed","template":"","meta":{"footnotes":""},"class_list":["post-499","page","type-page","status-publish","hentry","entry"],"yoast_head":"<!-- This site is optimized with the Yoast SEO plugin v26.3 - https:\/\/yoast.com\/wordpress\/plugins\/seo\/ -->\n<title>AZ-305 - Accompagnement sur les Technologies Microsoft<\/title>\n<meta name=\"robots\" content=\"index, follow, max-snippet:-1, max-image-preview:large, max-video-preview:-1\" \/>\n<link rel=\"canonical\" href=\"https:\/\/www.technoms.com\/index.php\/az-305\/\" \/>\n<meta property=\"og:locale\" content=\"fr_FR\" \/>\n<meta property=\"og:type\" content=\"article\" \/>\n<meta property=\"og:title\" content=\"AZ-305 - Accompagnement sur les Technologies Microsoft\" \/>\n<meta property=\"og:description\" content=\"AZ-305 Conception de solutions d&rsquo;infrastructure Microsoft Azure Dur\u00e9e :\u00a0 4 jours R\u00e9sum\u00e9 : Ce cours explique aux architectes de solutions Azure comment concevoir des solutions d\u2019infrastructure. Les sujets trait\u00e9s sont la gouvernance, le calcul, l\u2019architecture d\u2019application, le stockage, l\u2019int\u00e9gration des donn\u00e9es, l\u2019authentification, les r\u00e9seaux, la continuit\u00e9 de l\u2019activit\u00e9 et les migrations. Le cours combine des [&hellip;]\" \/>\n<meta property=\"og:url\" content=\"https:\/\/www.technoms.com\/index.php\/az-305\/\" \/>\n<meta property=\"og:site_name\" content=\"Accompagnement sur les Technologies Microsoft\" \/>\n<meta property=\"article:modified_time\" content=\"2025-11-06T16:49:02+00:00\" \/>\n<meta property=\"og:image\" content=\"https:\/\/www.technoms.com\/wp-content\/uploads\/2025\/06\/FormationEtAccompagnement2.jpg\" \/>\n\t<meta property=\"og:image:width\" content=\"1351\" \/>\n\t<meta property=\"og:image:height\" content=\"1024\" \/>\n\t<meta property=\"og:image:type\" content=\"image\/jpeg\" \/>\n<meta name=\"twitter:card\" content=\"summary_large_image\" \/>\n<meta name=\"twitter:label1\" content=\"Dur\u00e9e de lecture estim\u00e9e\" \/>\n\t<meta name=\"twitter:data1\" content=\"3 minutes\" \/>\n<script type=\"application\/ld+json\" class=\"yoast-schema-graph\">{\"@context\":\"https:\/\/schema.org\",\"@graph\":[{\"@type\":\"WebPage\",\"@id\":\"https:\/\/www.technoms.com\/index.php\/az-305\/\",\"url\":\"https:\/\/www.technoms.com\/index.php\/az-305\/\",\"name\":\"AZ-305 - Accompagnement sur les Technologies Microsoft\",\"isPartOf\":{\"@id\":\"https:\/\/www.technoms.com\/#website\"},\"datePublished\":\"2025-11-06T16:32:34+00:00\",\"dateModified\":\"2025-11-06T16:49:02+00:00\",\"breadcrumb\":{\"@id\":\"https:\/\/www.technoms.com\/index.php\/az-305\/#breadcrumb\"},\"inLanguage\":\"fr-FR\",\"potentialAction\":[{\"@type\":\"ReadAction\",\"target\":[\"https:\/\/www.technoms.com\/index.php\/az-305\/\"]}]},{\"@type\":\"BreadcrumbList\",\"@id\":\"https:\/\/www.technoms.com\/index.php\/az-305\/#breadcrumb\",\"itemListElement\":[{\"@type\":\"ListItem\",\"position\":1,\"name\":\"Accueil\",\"item\":\"https:\/\/www.technoms.com\/\"},{\"@type\":\"ListItem\",\"position\":2,\"name\":\"AZ-305\"}]},{\"@type\":\"WebSite\",\"@id\":\"https:\/\/www.technoms.com\/#website\",\"url\":\"https:\/\/www.technoms.com\/\",\"name\":\"Accompagnement sur les Technologies Microsoft\",\"description\":\"30 ans d\u2019exp\u00e9rience \u00e0 votre service\",\"publisher\":{\"@id\":\"https:\/\/www.technoms.com\/#organization\"},\"alternateName\":\"Technoms.com\",\"potentialAction\":[{\"@type\":\"SearchAction\",\"target\":{\"@type\":\"EntryPoint\",\"urlTemplate\":\"https:\/\/www.technoms.com\/?s={search_term_string}\"},\"query-input\":{\"@type\":\"PropertyValueSpecification\",\"valueRequired\":true,\"valueName\":\"search_term_string\"}}],\"inLanguage\":\"fr-FR\"},{\"@type\":\"Organization\",\"@id\":\"https:\/\/www.technoms.com\/#organization\",\"name\":\"Technoms.com\",\"url\":\"https:\/\/www.technoms.com\/\",\"logo\":{\"@type\":\"ImageObject\",\"inLanguage\":\"fr-FR\",\"@id\":\"https:\/\/www.technoms.com\/#\/schema\/logo\/image\/\",\"url\":\"https:\/\/www.technoms.com\/wp-content\/uploads\/2025\/06\/LogoCarre.png\",\"contentUrl\":\"https:\/\/www.technoms.com\/wp-content\/uploads\/2025\/06\/LogoCarre.png\",\"width\":122,\"height\":98,\"caption\":\"Technoms.com\"},\"image\":{\"@id\":\"https:\/\/www.technoms.com\/#\/schema\/logo\/image\/\"},\"sameAs\":[\"https:\/\/www.linkedin.com\/in\/florentdupont38\/\"]}]}<\/script>\n<!-- \/ Yoast SEO plugin. -->","yoast_head_json":{"title":"AZ-305 - Accompagnement sur les Technologies Microsoft","robots":{"index":"index","follow":"follow","max-snippet":"max-snippet:-1","max-image-preview":"max-image-preview:large","max-video-preview":"max-video-preview:-1"},"canonical":"https:\/\/www.technoms.com\/index.php\/az-305\/","og_locale":"fr_FR","og_type":"article","og_title":"AZ-305 - Accompagnement sur les Technologies Microsoft","og_description":"AZ-305 Conception de solutions d&rsquo;infrastructure Microsoft Azure Dur\u00e9e :\u00a0 4 jours R\u00e9sum\u00e9 : Ce cours explique aux architectes de solutions Azure comment concevoir des solutions d\u2019infrastructure. Les sujets trait\u00e9s sont la gouvernance, le calcul, l\u2019architecture d\u2019application, le stockage, l\u2019int\u00e9gration des donn\u00e9es, l\u2019authentification, les r\u00e9seaux, la continuit\u00e9 de l\u2019activit\u00e9 et les migrations. Le cours combine des [&hellip;]","og_url":"https:\/\/www.technoms.com\/index.php\/az-305\/","og_site_name":"Accompagnement sur les Technologies Microsoft","article_modified_time":"2025-11-06T16:49:02+00:00","og_image":[{"width":1351,"height":1024,"url":"https:\/\/www.technoms.com\/wp-content\/uploads\/2025\/06\/FormationEtAccompagnement2.jpg","type":"image\/jpeg"}],"twitter_card":"summary_large_image","twitter_misc":{"Dur\u00e9e de lecture estim\u00e9e":"3 minutes"},"schema":{"@context":"https:\/\/schema.org","@graph":[{"@type":"WebPage","@id":"https:\/\/www.technoms.com\/index.php\/az-305\/","url":"https:\/\/www.technoms.com\/index.php\/az-305\/","name":"AZ-305 - Accompagnement sur les Technologies Microsoft","isPartOf":{"@id":"https:\/\/www.technoms.com\/#website"},"datePublished":"2025-11-06T16:32:34+00:00","dateModified":"2025-11-06T16:49:02+00:00","breadcrumb":{"@id":"https:\/\/www.technoms.com\/index.php\/az-305\/#breadcrumb"},"inLanguage":"fr-FR","potentialAction":[{"@type":"ReadAction","target":["https:\/\/www.technoms.com\/index.php\/az-305\/"]}]},{"@type":"BreadcrumbList","@id":"https:\/\/www.technoms.com\/index.php\/az-305\/#breadcrumb","itemListElement":[{"@type":"ListItem","position":1,"name":"Accueil","item":"https:\/\/www.technoms.com\/"},{"@type":"ListItem","position":2,"name":"AZ-305"}]},{"@type":"WebSite","@id":"https:\/\/www.technoms.com\/#website","url":"https:\/\/www.technoms.com\/","name":"Accompagnement sur les Technologies Microsoft","description":"30 ans d\u2019exp\u00e9rience \u00e0 votre service","publisher":{"@id":"https:\/\/www.technoms.com\/#organization"},"alternateName":"Technoms.com","potentialAction":[{"@type":"SearchAction","target":{"@type":"EntryPoint","urlTemplate":"https:\/\/www.technoms.com\/?s={search_term_string}"},"query-input":{"@type":"PropertyValueSpecification","valueRequired":true,"valueName":"search_term_string"}}],"inLanguage":"fr-FR"},{"@type":"Organization","@id":"https:\/\/www.technoms.com\/#organization","name":"Technoms.com","url":"https:\/\/www.technoms.com\/","logo":{"@type":"ImageObject","inLanguage":"fr-FR","@id":"https:\/\/www.technoms.com\/#\/schema\/logo\/image\/","url":"https:\/\/www.technoms.com\/wp-content\/uploads\/2025\/06\/LogoCarre.png","contentUrl":"https:\/\/www.technoms.com\/wp-content\/uploads\/2025\/06\/LogoCarre.png","width":122,"height":98,"caption":"Technoms.com"},"image":{"@id":"https:\/\/www.technoms.com\/#\/schema\/logo\/image\/"},"sameAs":["https:\/\/www.linkedin.com\/in\/florentdupont38\/"]}]}},"_links":{"self":[{"href":"https:\/\/www.technoms.com\/index.php\/wp-json\/wp\/v2\/pages\/499","targetHints":{"allow":["GET"]}}],"collection":[{"href":"https:\/\/www.technoms.com\/index.php\/wp-json\/wp\/v2\/pages"}],"about":[{"href":"https:\/\/www.technoms.com\/index.php\/wp-json\/wp\/v2\/types\/page"}],"author":[{"embeddable":true,"href":"https:\/\/www.technoms.com\/index.php\/wp-json\/wp\/v2\/users\/1"}],"replies":[{"embeddable":true,"href":"https:\/\/www.technoms.com\/index.php\/wp-json\/wp\/v2\/comments?post=499"}],"version-history":[{"count":4,"href":"https:\/\/www.technoms.com\/index.php\/wp-json\/wp\/v2\/pages\/499\/revisions"}],"predecessor-version":[{"id":504,"href":"https:\/\/www.technoms.com\/index.php\/wp-json\/wp\/v2\/pages\/499\/revisions\/504"}],"wp:attachment":[{"href":"https:\/\/www.technoms.com\/index.php\/wp-json\/wp\/v2\/media?parent=499"}],"curies":[{"name":"wp","href":"https:\/\/api.w.org\/{rel}","templated":true}]}}